 - 3*j**2/2 - 2*j. Suppose 19*l - 120 = 9*l. Calculate the remainder when t(4) is divided by l.
9
Suppose -u + 0*u = -78. Let r = -3 + 44. Suppose -5*x = -r - 59. Calculate the remainder when u is divided by x.
18
Suppose -3*r = 3*n + r - 27, -2*n = 4*r - 18. Suppose 25 = 2*q + 3*q. Calculate the remainder when n is divided by q.
4
Suppose 2 = 5*x - 2*i, -5*x + 5 = -2*i - 3*i. Suppose -j = -3*v + 2*v - 8, 4*j - 2*v - 40 = x. What is the remainder when 39 is divided by j?
3
Suppose -3*x + 25*g + 50 = 23*g, -4*x + 74 = g. What is the remainder when 591 is divided by x?
15
Let d = -1079 + 1088. Let k = -35 - -77. Calculate the remainder when k is divided by d.
6
Calculate the remainder when 239 is divided by (-2204)/(-145) + 2/(-10).
14
Let d(x) = -37*x - 13. Let i be 1*-2 - (-1)/1. What is the remainder when 1/i - -49 - 2 is divided by d(-1)?
22
Suppose -23 = 2*i - 69. Suppose 4*c = 3*c - p + 7, -33 = -5*c - 4*p. What is the remainder when i is divided by c?
3
Let r = -160 - -340. Let a = r + -109. Calculate the remainder when a is divided by 12.
11
Let d = -25 - -295. Let w = 75 - 20. Suppose w*p - d = 50*p. Calculate the remainder when p is divided by 11.
10
Suppose -193 = 4*p + 31. Let h = -38 - p. Calculate the remainder when h is divided by 11.
7
Let h(x) be the second derivative of 1/6*x**4 + 1/2*x**2 + 0 + 6*x - 1/2*x**3. Calculate the remainder when h(8) is divided by 27.
24
Let t be (-19 - -20)/((-2)/(-4)*-1). What is the remainder when 48 is divided by 6/t*1/((-6)/52)?
22
Let g = 643 + -612. What is the remainder when 60 is divided by g?
29
Let r be 1 + (-2 + 5 - 0). Suppose -98 = r*w - 2*w. Let j = w + 81. Calculate the remainder when j is divided by 11.
10
Let p = -2084 - -2088. Calculate the remainder when 125 is divided by p.
1
Suppose -76*l + 77*l - 19 = -f, -3*l + 5*f + 49 = 0. What is the remainder when 85 is divided by l?
13
Suppose -t = -2, -3*t + 82 = -5*x + 6*x. Let n = x + -24. What is the remainder when n is divided by 18?
16
Let a = -618 - -680. Calculate the remainder when 228 is divided by a.
42
Let w be 2/6 + 77/21. Suppose 5*q = -15, 0 = -9*s + 4*s + w*q + 67. Calculate the remainder when s is divided by ((-3)/(-4))/((-6)/(-24)).
2
Let t(l) = l**2 - 22*l - 115. Calculate the remainder when t(-5) is divided by 11.
9
Suppose 629 = 3*r - 193. Let y = r + -122. Suppose -2*g = -6*g - m + 158, 4*g + 4*m = y. What is the remainder when g is divided by 11?
7
Suppose -x - 37 = 3*t - 5*t, -3*t + 5*x = -59. What is the remainder when 27 is divided by ((-22)/(-6))/(t/54)?
5
Suppose -38*i = -16*i - 10428. Calculate the remainder when i is divided by 68.
66
Suppose 0 = -4*w + w + 30. Let x(b) = -b**3 - 5*b**2 + 3*b + 3. Let h be x(-6). Let f = w + h. What is the remainder when f is divided by 8?
7
Suppose -8*x + 13 = -3*x - 2*c, 3*x + 3*c + 9 = 0. Calculate the remainder when ((-10)/(-25)*8)/(x/35) is divided by 29.
25
Let q = -982 - -1187. Calculate the remainder when q is divided by 65.
10
Let x(w) = w**3 + 19*w**2 + 18*w + 2. Suppose 0 = 2*q + q + 54. Let y be x(q). What is the remainder when -18*(6/4 - y) is divided by 5?
4
What is the remainder when 22 is divided by (6*8/(-72))/(1/(-6))?
2
Let f(b) = -4*b**3 - b**2 + 6*b + 12. What is the remainder when 105 is divided by f(-2)?
21
Let l(s) = s**3 - 2*s**2 - s - 1. Let b be (-20)/(-5) - (-2 + 2 + -4). Suppose -24*z + b*z = -112. Calculate the remainder when z is divided by l(3).
2
What is the remainder when 1*11/(99/1719) is divided by 51?
38
Suppose 2*v = -2*i + 182, 278 = 3*v - i - i. What is the remainder when v is divided by 40?
12
Let p = -3 - -15. Let n = p + 37. Suppose 45 = 3*u - 2*h, -5*u + 3*h + 25 = -51. Calculate the remainder when n is divided by u.
15
Let n(t) = -t - 6. Let f(x) = -x - 5. Let j(d) = -7*f(d) + 6*n(d). Let v be j(4). Suppose -2*a - v*a + 55 = 0. What is the remainder when a is divided by 4?
3
Let f = -46 - -48. Suppose -l - r + 5 = 0, -2*r = -f*l + r - 10. What is the remainder when 2 is divided by l?
0
Let f(o) = 3*o**2 + 21*o - 9. Let v be f(-9). Suppose z + 2*z = v. Calculate the remainder when 43 is divided by z.
13
Let k(f) = 10*f - 20. Calculate the remainder when 12 is divided by k(3).
2
Let q = 41 - 18. Let l be (-2)/6 - (-553)/21. Suppose 2*v + 2*m - l = -2*m, m - 13 = -v. What is the remainder when q is divided by v?
10
What is the remainder when 911 is divided by -5 - (966/(-69) + 3/1)?
5
Suppose 4*h - 68 = -0*h. Let l(p) = 67*p**3 - 2*p**2 - 3*p + 4. Calculate the remainder when l(1) is divided by h.
15
Let b be 30/9 + 32/(-24). Let i(g) = 5*g**2 + 3 + 4 + 2*g + 4*g - g**3 - b. Calculate the remainder when 7 is divided by i(6).
2
Let v be 6/(9/18 + 1/(-8)). Suppose -20*c = -v*c - 44. Calculate the remainder when 30 is divided by c.
8
Let m(w) = 5*w + 64. What is the remainder when 53 is divided by m(-9)?
15
Let a(c) = -c**2 - 20*c + 2. Calculate the remainder when a(-18) is divided by 8.
6
Let l = 1858 - 1159. Calculate the remainder when l is divided by 39.
36
Let v = -8 - -3. Suppose 112 + 46 = 3*y - 2*o, 51 = y + o. Calculate the remainder when y is divided by 1 + v + 2 - -20.
16
Let f(v) = -2*v + 53. Let i be f(22). Suppose -i*h + h = -568. Calculate the remainder when h is divided by 24.
23
Let s(x) be the first derivative of -x**4/4 - x**3 - 2*x**2 + 3*x + 2. Calculate the remainder when 68 is divided by s(-4).
33
Let u(i) = -90*i + 455. What is the remainder when 6 is divided by u(5)?
1
Let w(d) = -15*d. Let i be (57/(-2))/(48/128). Let l = i + 135. Calculate the remainder when l is divided by w(-1).
14
Let m(r) = 19*r. Let a(q) = q**2 - q + 2. Let g be a(2). Let o(k) = 20*k - 207. What is the remainder when m(g) is divided by o(11)?
11
Let g(u) = 2*u**2 - 7*u. Let b be g(6). Suppose q = -0*q - 4*s - 7, -b = -3*q + 5*s. Calculate the remainder when 2/(4/34) + 2 is divided by q.
4
Let g = 169 - 113. Suppose 0 = -2*h, 2*r - g = -0*r + 4*h. Calculate the remainder when 110 - 0/(3 + -1) is divided by r.
26
Let x = -319 - -457. Calculate the remainder when x is divided by 46.
0
Let q = -12 + 29. Suppose 50*i - 207 = 53*i. Let x = i - -74. Calculate the remainder when q is divided by x.
2
Let i = -27 + 68. Calculate the remainder when i is divided by 10.
1
Suppose -84 = 4*x - 76. Suppose -y - 7 = -2*y. Let q = x + y. Calculate the remainder when 9 is divided by q.
4
Let q = -239 + 263. What is the remainder when 334 is divided by q?
22
What is the remainder when 71 is divided by 39/(-13) - 3/((-9)/60)?
3
What is the remainder when ((-108)/(-15))/2*15/2 is divided by 5?
2
Let b(x) = 12*x**3 + 2*x**2 + 2*x - 1. Let s = -26 + 52. Suppose 53 = r + s. Calculate the remainder when b(2) is divided by r.
26
Let r(n) = 12*n**2 - 2*n. Let y = 940 + -922. Calculate the remainder when r(-2) is divided by y.
16
Let y = 350 + -341. Let q(s) = 7*s. Let f(i) = 21*i - 1. Let z(w) = 4*f(w) - 11*q(w). What is the remainder when z(3) is divided by y?
8
Suppose 5*c = 2*g - 17, 4*g - 2*c - 14 = 2*g. Let a be (-3)/(((-45)/g)/5). Calculate the remainder when 94/4*(0 + a) is divided by 12.
11
Suppose 0 = 3*n - 0*a - 4*a - 345, 2*n - 234 = 4*a. Let m = -79 + n. Let o = -28 + 39. Calculate the remainder when m is divided by o.
10
Let d = 1121 + -1114. Suppose 9 = 2*a - 21. Suppose 0 = -3*v - 0*v + a. Calculate the remainder when d is divided by v.
2
Suppose 2*d = -4*z + 114, 3*d = -4*z + 152 - 39. What is the remainder when 56 is divided by z?
27
Suppose -3*z - 3*h + 164 = -7*z, -3*z - 123 = h. Let y = -21 - z. What is the remainder when 39 is divided by y?
19
Let z(m) = -6*m**2 - 114*m + 20. Calculate the remainder when 363 is divided by z(-18).
107
Suppose 4*j - 20 = 2*j - 4*s, 2*s = 4*j - 10. Suppose -3*v + 3*r = r - 44, 16 = 2*v - j*r. Calculate the remainder when 49 is divided by v.
13
Suppose -4*f + 320 = -56. Suppose 10 = 2*w + 4*x, w + 4*x - 4 = -3*w. What is the remainder when f is divided by ((-18)/27)/(w/108)?
22
Let w(z) = 6 + 4 + 0 - z. What is the remainder when 42 is divided by w(-5)?
12
Let j(d) = d**2 + 4. Let g be j(6). Suppose 3*h + h = g. What is the remainder when 34 is divided by h/3*18/5?
10
Let s be 8/(-10)*25/(-10). Let m be ((-55)/s)/(2/(-4)). Suppose 59 = 3*j - m. Calculate the remainder when j is divided by 13.
12
Suppose -2*m + 3